*s + 1/120*s**m. Calculate i(4).
-15
Suppose a - 3*w - 224 = -246, -3*w = 5*a + 74. Let u(j) = -j**3 - 15*j**2 + 14*j - 30. Determine u(a).
2
Let p(q) = q**2 - q - 5. Let o be 1 - 4 - (-4 + -2). Suppose o*m = -5*s, -s + 4*m = -0*s. What is p(s)?
-5
Let g(b) = -108*b + 73 + 28*b + 32*b + 32*b. What is g(4)?
9
Let z(h) be the second derivative of h**6/120 - 2*h**5/15 - 3*h**4/8 - 7*h**3/6 + 107*h**2/2 + 194*h. Let x(y) be the first derivative of z(y). Determine x(9).
-7
Let w(n) = 5*n + 14. Suppose 5*k + 3484 - 3466 = -k. What is w(k)?
-1
Let n(j) = j**2 + 5*j - 7. Let u(s) be the third derivative of -s**6/30 + 7*s**5/10 - 19*s**4/24 - 17*s**3/6 + 131*s**2. Let h be u(10). Calculate n(h).
7
Let f(y) be the second derivative of -1/2*y**2 + 1/6*y**4 + 57*y + 0 + 11/6*y**3. What is f(-5)?
-6
Suppose -35 = -4*v + 5*t, -4*t - 31 = -4*v + 5. Let n(u) = u**3 - 3*u**3 - 1 - v*u + 4*u**3 - u**3 - 9*u**2. Calculate n(10).
-1
Let t(o) = -34*o + 215. Let a be t(6). Let c(n) be the second derivative of n**4/12 - 2*n**3 + 3*n**2/2 - 2*n - 9. What is c(a)?
-8
Let l(d) = 2*d + 4. Let u = -28 + 55. Let h = -15 + u. Suppose 49 + 35 = -h*x. Calculate l(x).
-10
Let w = 2881 + -2881. Let x(h) = -3*h - 40. Give x(w).
-40
Let v(d) be the second derivative of d**3/6 - 3*d**2/2 + d. Suppose 9*j + 999 = 18*j. Let i = j - 105. Calculate v(i).
3
Let s(r) = 2*r + 2. Let z be s(-4). Let k(q) = 61*q + 29. Let y(i) = -56*i - 2. Let b(f) = k(f) + y(f). Determine b(z).
-3
Suppose 8*u - 5*c - 33 = 7*u, -4*u - c = 15. Let z(m) = 30*m + 34. What is z(u)?
-26
Let u(s) = s**3 + 5*s**2 - 4*s - 2. Suppose -16*o - 316 + 268 = 0. Calculate u(o).
28
Let b(p) = 4*p**2 - 10*p - 11. Let g be b(5). Let u(z) = 95 - 54 - g + 18*z. Give u(-1).
-16
Let g(o) be the first derivative of -5/2*o**2 + 112 + 1/4*o**4 + 2/3*o**3 - 3*o. Give g(-4).
-15
Let l(k) = -13*k**3 - k**2 - k + 1. Suppose 15*r = 826 + 974. Let w = -119 + r. Determine l(w).
-14
Suppose -h + 117 = -g, 5*g = 2*h - 539 - 37. Let a = -111 - g. Let r(z) = a - 1 - 4 + 7 - 2*z. Give r(6).
-7
Let b(z) = -3*z + 2*z - z - 3 + 3*z. Suppose 2*r + 4*p = -12, 0 = -2*r - 14*p + 18*p + 28. What is b(r)?
1
Let m(n) = 4*n - 9. Suppose 7*c + 18 = 16*c. Let f(b) = -2*b + 4. Let u(g) = c*m(g) + 5*f(g). Let z be ((-6)/4)/((-1)/(-2)). What is u(z)?
8
Let b(h) = -h**3 + 10*h**2 + 10*h + 12. Let s be b(11). Let q(o) be the third derivative of 0*o**4 + 28*o**2 + 0*o - 5/12*o**5 - 1/6*o**3 + 0. What is q(s)?
-26
Suppose -5*f = i - 10, 3*i + 18*f = 22*f - 46. Let h be (-9)/((2/(-5))/(i/(-25))). Let x(s) = 9*s - 2 - 2 - s**2 + 5. Calculate x(h).
1
Let k(f) be the third derivative of -f**4/24 - f**3/2 - 3*f**2. Let c(n) = -3349*n - 6706. Let r be c(-2). What is k(r)?
5
Let b(l) = 4*l**2 - 7 + 11 + l**3 - 2*l**3. Suppose -84*w + 14*w + 60 + 220 = 0. Give b(w).
4
Let h(d) = d**3 + 3*d**2 - 6*d - 10. Let t be h(-4). Let k be 1/t*(2 - 2). Let v(s) = 3*s**2 - 5*s**2 + 3*s**2 + 0 - 4. Determine v(k).
-4
Let u(y) = -y**3 - 4*y**2 - y + 11. Let t = -9514 + 9511. Calculate u(t).
5
Let q(p) = -p**3 + 8*p**2 - 6*p - 3. Let l be (8 - 5)*(1 - 0 - -8). Let a = 25 - l. Let c be 7*(2 + -4)/a. What is q(c)?
4
Let c(v) be the third derivative of v**6/120 + 3*v**5/20 - v**4/8 - 14*v**3/3 + 8413*v**2. Determine c(-9).
-1
Let s(z) = 1743 + z**2 + 2*z**3 + 1752 - 3495. Suppose 0 = -4*h + 3 - 11. Give s(h).
-12
Let i(l) = 2*l**3 - 1. Let b(a) = a**2 - 10*a - 9. Let f(d) = 5*d + 1. Let z be f(2). Let x be b(z). Suppose 2*w + 3 - 13 = -x*t, -w = -2*t - 2. Give i(t).
1
Let d(v) = -v**3 + 5*v**2 - 2*v - 2. Let c(r) = 4*r + 20. Suppose 0 = -6*p + 5*p + 2. Suppose 0*x - 8 = p*x. Let g be c(x). Determine d(g).
6
Let t be ((-48)/(-108))/(2/9). Suppose -4*n - 4 = 0, 0 = -t*l + 5*n - 15 + 4. Let o(x) = -x**3 - 10*x**2 - 11*x + 6. Give o(l).
-34
Let m be ((-13540)/50)/((-2)/(-5)). Let v = 684 + m. Let p(l) = -l**3 + 5*l**2 + 10*l - 2. Give p(v).
-30
Suppose 2*k + 36 = 6*k. Let b(i) be the second derivative of -i**4/12 + 2*i**3/3 + 3*i**2/2 - 11*i - 323. Determine b(k).
-42
Let p(m) = -2*m - 9. Suppose -141*t + 142*t + 5 = -1. Calculate p(t).
3
Let f = 10142 + -10148. Let u(l) = -41*l - 258. Determine u(f).
-12
Let i(g) be the third derivative of g**4/24 - g**3/3 - g**2. Let x be i(3). Let n(l) be the second derivative of -11*l**5/20 + l**4/12 + l + 155. What is n(x)?
-10
Suppose 0 = 5*i - 14 + 24. Let k(h) be the third derivative of -h**4/8 - h**3/6 + 173*h**2. Give k(i).
5
Let v(s) = -5*s**2 + 111*s + s**2 + 13 - 68*s - 52*s. Let f = 3 + 2. Let d(u) = -3*u**2 - 9*u + 12. Let y(b) = f*d(b) - 4*v(b). Give y(7).
-6
Let j be 2 + 39 + (-8 - -5). Let h = j - 36. Suppose 0 = -5*k - 3*a, 25 = -h*k - 3*k + 2*a. Let v(q) = -q + 1. Determine v(k).
4
Suppose -7*l = -14*l + 14. Let h be l*((-25)/(-2))/(-5). Let k(u) = -u. Let b(c) = 10*c - 1. Let q(j) = h*k(j) - b(j). What is q(-1)?
6
Suppose q + 6 = 3*q. Suppose -p = 5*y - 28 + 9, 0 = -2*y + q*p + 11. Let r(g) = g + 8 - 26 + 6 + 1 + 5 + 11. Calculate r(y).
9
Let n = -698 + 702. Suppose 7*a = -n*a - 44. Let s(d) = 5*d + 13. Determine s(a).
-7
Let u(m) = 2*m**3 + m**2 - m. Suppose -46 = 9*s - 1. Let g(l) = 11*l**3 - 3*l**2 - 15*l + 10. Let d(v) = s*u(v) + g(v). Determine d(9).
1
Let s(w) = -1088 - w + 362 + 360 + 343. What is s(-19)?
-4
Let b(x) = 3*x**2 - 17*x - 20. Let a(w) = 7*w**2 - 42*w - 48. Let z(d) = -5*a(d) + 12*b(d). Give z(-1).
-5
Let x(i) = -65859 + i**2 + 17394*i - 17397*i + 65858. Suppose 0*k = 2*k - 4. Let p = 1 + k. What is x(p)?
-1
Let i(s) = s**3 + 9*s**2 - 8. Let k(n) = -3*n**2. Let h(o) = -i(o) - 3*k(o). Determine h(2).
0
Let u(s) = -s**3 + 7*s**2 + 8*s - 3. Let m = -147 + 145. Let w = 10 + m. What is u(w)?
-3
Let j(o) = -o**3 - 6*o**2 - 3*o**3 + 3*o**3 - o. Let p = -92 - -760. Suppose 669*c = p*c - 6. Determine j(c).
6
Let s(w) = 5*w + 39. Let m = 1169 - 1176. What is s(m)?
4
Let q(y) = y**2 - 5*y - 9. Suppose 59*m = 46*m + 5018. Let g = m + -379. What is q(g)?
5
Let i(h) be the second derivative of h**5/20 + 19*h**4/6 + 19*h**3/3 + 17*h**2 - 5*h - 46. Give i(-37).
-3
Let p(v) = 4*v**2 + 3*v - 3. Let l(y) = y**3 - 4*y**2 + 19*y - 33. Let w be l(2). Calculate p(w).
24
Suppose 29*p = 37*p. Let r(h) = -h**2 + 2*h + 10. Let i be r(p). Let t(c) = 15 + c - i*c + 8*c - c. What is t(11)?
-7
Let c(q) = -2*q**2 - 7*q + 1. Let y(l) = 4*l**2 + 81*l + 57. Let s be y(-17). Let w = -169 - s. Determine c(w).
-14
Let m be (-16)/6*14/((-308)/33). Let n(o) = -o**2 + 5*o - 7. Let p(i) = i. Let w(d) = -n(d) - 2*p(d). Calculate w(m).
-5
Let w(j) be the second derivative of 4*j + 0 - 3/2*j**2 - 1/6*j**3. Let y = -1113 - -1119. Calculate w(y).
-9
Suppose 0 = -13*h + 12*h - 1. Let v(r) = 350*r**3 - r**2 - 154*r**3 - 211*r**3. Give v(h).
14
Let v(j) = j**3 + 6*j**2 + 7*j + 3. Let z = -11 - -16. Let w be (-2)/z - 17/(-15)*3. Suppose 2*u + 26 = 3*f + 4, 3*u + w*f = -3. Give v(u).
-7
Suppose 5*m = -0*m + 10. Suppose -5*w + 27 = -4*c, -m*w = -0*w - 2*c - 12. Suppose 3*o + w = 6. Let u(g) = -9*g**2 + g. Determine u(o).
-8
Suppose -581 - 923 = 16*n. Let j = -100 - n. Let f(p) = -p**3 - 7*p**2 - 7*p - 8. What is f(j)?
-2
Let a(k) = -2*k**2 - 12*k - 12. Let p be ((-17)/(-1) + -14)*(-4 - -1). Calculate a(p).
-66
Let i(y) = y - 38. Let c(p) = -p + 77. Let f(u) = 3*c(u) + 5*i(u). Determine f(-23).
-5
Let r = 24 - 16. Let z(m) = -4*m**3 + 12*m**2 + 6*m - 4. Let p(b) = 9*b**3 - 25*b**2 - 15*b + 6. Let k(h) = -3*p(h) - 7*z(h). Calculate k(r).
-30
Let d(y) = 3*y**3. Let j be d(-1). Let a = 8 + j. Let f(l) = -5*l**2 + 9 - 3*l + 6*l**3 - l**2 + l - a*l**3. Give f(6).
-3
Suppose -11*y = -6*y, 4*k - 2*y - 16 = 0. Let f(o) = 2*o - 4*o + 5*o - 2. Calculate f(k).
10
Let a(n) be the second derivative of -13*n**3/3 + 57*n**2/2 + 121*n - 28. Calculate a(3).
-21
Let i be 8/6 + (-12)/36. Let j(x) = 5*x**3 + x**2 - 3*x + 2. Let w be j(i). Let n(q) = 4*q + 2*q + 5 - w*q + q**3 - 5*q**2 - 7*q. Give n(6).
5
Let o(h) = 2*h + 16. Let b(q) = -312*q + 942. Let a be b(3). What is o(a)?
28
Let u(m) = 7*m. Let o(l) = 5*l + 7. Let a(y) = -3*y + 6*y + 6 + y. Let n(g) = 6*a(g) - 5*o(g). Let d(s) = -6*n(s) - u(s). Give d(-8).
2
Let a be (-88)/((-11)/(-1)) + 1. Let i(g) = -g**2 - 6*g + 14. Determine i(a).
7
Let o be 42/91 - 552/(-156). Let b(k) = 6*k - 19. Calculate b(o).
5
Let t be (-6)/13*(-1378)/3